{"id":138,"date":"2020-06-17T16:12:14","date_gmt":"2020-06-17T16:12:14","guid":{"rendered":"http:\/\/etica.sh.guanajuato.gob.mx\/?page_id=138"},"modified":"2022-05-13T17:48:17","modified_gmt":"2022-05-13T17:48:17","slug":"encuesta-ciudadana","status":"publish","type":"page","link":"https:\/\/etica.sh.guanajuato.gob.mx\/index.php\/encuesta-ciudadana\/","title":{"rendered":"Encuesta de Percepci\u00f3n Ciudadana en Materia de \u00c9tica"},"content":{"rendered":"\n<h2 class=\"wp-block-heading\"> Medici\u00f3n de la Actividad Gubernamental en Materia de \u00c9tica a trav\u00e9s de la Evaluaci\u00f3n de Percepci\u00f3n Social<\/h2>\n\n\n\n<p>Esta encuesta se realiza cada a\u00f1o a ciudadanos que acudieron a los entes p\u00fablicos a realizar un proceso, tr\u00e1mite o recibir un servicio.<\/p>\n\n\n\n<p><strong>Objetivo de la medici\u00f3n<\/strong>: Conocer la percepci\u00f3n ciudadana sobre el desempe\u00f1o \u00e9tico de las personas servidoras p\u00fablicas.<\/p>\n\n\n\n<p><strong>Campo de aplicaci\u00f3n<\/strong>: Ciudadan\u00eda y\/o personas servidoras p\u00fablicas que acudieron a los entes p\u00fablicos a realizar un proceso, tr\u00e1mite o recibir un servicio.<\/p>\n\n\n\n<p><\/p>\n\n\n\n<p><strong>Factores a investigar<\/strong>:<\/p>\n\n\n\n<div class=\"wp-block-image\"><figure class=\"aligncenter size-large\"><img loading=\"lazy\" decoding=\"async\" width=\"1024\" height=\"768\" src=\"http:\/\/etica.sh.guanajuato.gob.mx\/wp-content\/uploads\/2022\/05\/Verde-Ne\u00f3n-y-P\u00farpura-Amigable-Aplicaci\u00f3n-Profesional-de-Mensajer\u00eda-An\u00e1lisis-DAFO-6.png\" alt=\"\" class=\"wp-image-555\" srcset=\"https:\/\/etica.sh.guanajuato.gob.mx\/wp-content\/uploads\/2022\/05\/Verde-Ne\u00f3n-y-P\u00farpura-Amigable-Aplicaci\u00f3n-Profesional-de-Mensajer\u00eda-An\u00e1lisis-DAFO-6.png 1024w, https:\/\/etica.sh.guanajuato.gob.mx\/wp-content\/uploads\/2022\/05\/Verde-Ne\u00f3n-y-P\u00farpura-Amigable-Aplicaci\u00f3n-Profesional-de-Mensajer\u00eda-An\u00e1lisis-DAFO-6-300x225.png 300w, https:\/\/etica.sh.guanajuato.gob.mx\/wp-content\/uploads\/2022\/05\/Verde-Ne\u00f3n-y-P\u00farpura-Amigable-Aplicaci\u00f3n-Profesional-de-Mensajer\u00eda-An\u00e1lisis-DAFO-6-768x576.png 768w\" sizes=\"auto, (max-width: 1024px) 100vw, 1024px\" \/><\/figure><\/div>\n\n\n\n<p><strong>Ficha t\u00e9cnica<\/strong>:<\/p>\n\n\n\n<div class=\"wp-block-image\"><figure class=\"aligncenter size-large\"><img loading=\"lazy\" decoding=\"async\" width=\"1024\" height=\"768\" src=\"http:\/\/etica.sh.guanajuato.gob.mx\/wp-content\/uploads\/2022\/05\/Verde-Ne\u00f3n-y-P\u00farpura-Amigable-Aplicaci\u00f3n-Profesional-de-Mensajer\u00eda-An\u00e1lisis-DAFO-7.png\" alt=\"\" class=\"wp-image-557\" srcset=\"https:\/\/etica.sh.guanajuato.gob.mx\/wp-content\/uploads\/2022\/05\/Verde-Ne\u00f3n-y-P\u00farpura-Amigable-Aplicaci\u00f3n-Profesional-de-Mensajer\u00eda-An\u00e1lisis-DAFO-7.png 1024w, https:\/\/etica.sh.guanajuato.gob.mx\/wp-content\/uploads\/2022\/05\/Verde-Ne\u00f3n-y-P\u00farpura-Amigable-Aplicaci\u00f3n-Profesional-de-Mensajer\u00eda-An\u00e1lisis-DAFO-7-300x225.png 300w, https:\/\/etica.sh.guanajuato.gob.mx\/wp-content\/uploads\/2022\/05\/Verde-Ne\u00f3n-y-P\u00farpura-Amigable-Aplicaci\u00f3n-Profesional-de-Mensajer\u00eda-An\u00e1lisis-DAFO-7-768x576.png 768w\" sizes=\"auto, (max-width: 1024px) 100vw, 1024px\" \/><\/figure><\/div>\n\n\n\n<p><strong>Resultados del a\u00f1o 202<\/strong>1:<\/p>\n\n\n\n<p><strong>Factor 1: Percepci\u00f3n ciudadana en materia de corrupci\u00f3n<\/strong><\/p>\n\n\n\n<div class=\"wp-block-image\"><figure class=\"aligncenter size-large\"><img loading=\"lazy\" decoding=\"async\" width=\"1024\" height=\"768\" src=\"http:\/\/etica.sh.guanajuato.gob.mx\/wp-content\/uploads\/2022\/05\/Verde-Ne\u00f3n-y-P\u00farpura-Amigable-Aplicaci\u00f3n-Profesional-de-Mensajer\u00eda-An\u00e1lisis-DAFO-8.png\" alt=\"\" class=\"wp-image-558\" srcset=\"https:\/\/etica.sh.guanajuato.gob.mx\/wp-content\/uploads\/2022\/05\/Verde-Ne\u00f3n-y-P\u00farpura-Amigable-Aplicaci\u00f3n-Profesional-de-Mensajer\u00eda-An\u00e1lisis-DAFO-8.png 1024w, https:\/\/etica.sh.guanajuato.gob.mx\/wp-content\/uploads\/2022\/05\/Verde-Ne\u00f3n-y-P\u00farpura-Amigable-Aplicaci\u00f3n-Profesional-de-Mensajer\u00eda-An\u00e1lisis-DAFO-8-300x225.png 300w, https:\/\/etica.sh.guanajuato.gob.mx\/wp-content\/uploads\/2022\/05\/Verde-Ne\u00f3n-y-P\u00farpura-Amigable-Aplicaci\u00f3n-Profesional-de-Mensajer\u00eda-An\u00e1lisis-DAFO-8-768x576.png 768w\" sizes=\"auto, (max-width: 1024px) 100vw, 1024px\" \/><figcaption>Alrededor del 76% de los ciudadanos encuestados dicen no haber presenciado o sido v\u00edctima de un acto de corrupci\u00f3n.<\/figcaption><\/figure><\/div>\n\n\n\n<p><strong>Factor 2: Percepci\u00f3n ciudadana en la aplicaci\u00f3n de los Principios constitucionales y legales que rigen el Servicio P\u00fablico <\/strong><\/p>\n\n\n\n<div class=\"wp-block-image\"><figure class=\"aligncenter size-large\"><img loading=\"lazy\" decoding=\"async\" width=\"1024\" height=\"768\" src=\"http:\/\/etica.sh.guanajuato.gob.mx\/wp-content\/uploads\/2022\/05\/Verde-Ne\u00f3n-y-P\u00farpura-Amigable-Aplicaci\u00f3n-Profesional-de-Mensajer\u00eda-An\u00e1lisis-DAFO-9.png\" alt=\"\" class=\"wp-image-559\" srcset=\"https:\/\/etica.sh.guanajuato.gob.mx\/wp-content\/uploads\/2022\/05\/Verde-Ne\u00f3n-y-P\u00farpura-Amigable-Aplicaci\u00f3n-Profesional-de-Mensajer\u00eda-An\u00e1lisis-DAFO-9.png 1024w, https:\/\/etica.sh.guanajuato.gob.mx\/wp-content\/uploads\/2022\/05\/Verde-Ne\u00f3n-y-P\u00farpura-Amigable-Aplicaci\u00f3n-Profesional-de-Mensajer\u00eda-An\u00e1lisis-DAFO-9-300x225.png 300w, https:\/\/etica.sh.guanajuato.gob.mx\/wp-content\/uploads\/2022\/05\/Verde-Ne\u00f3n-y-P\u00farpura-Amigable-Aplicaci\u00f3n-Profesional-de-Mensajer\u00eda-An\u00e1lisis-DAFO-9-768x576.png 768w\" sizes=\"auto, (max-width: 1024px) 100vw, 1024px\" \/><\/figure><\/div>\n\n\n\n<p><strong>Factor 3: Percepci\u00f3n ciudadana en la aplicaci\u00f3n de los valores del C\u00f3digo de \u00c9tica del Poder Ejecutivo del Estado de Guanajuato<\/strong><\/p>\n\n\n\n<div class=\"wp-block-image\"><figure class=\"aligncenter size-large\"><img loading=\"lazy\" decoding=\"async\" width=\"1024\" height=\"768\" src=\"http:\/\/etica.sh.guanajuato.gob.mx\/wp-content\/uploads\/2022\/05\/Verde-Ne\u00f3n-y-P\u00farpura-Amigable-Aplicaci\u00f3n-Profesional-de-Mensajer\u00eda-An\u00e1lisis-DAFO-10.png\" alt=\"\" class=\"wp-image-560\" srcset=\"https:\/\/etica.sh.guanajuato.gob.mx\/wp-content\/uploads\/2022\/05\/Verde-Ne\u00f3n-y-P\u00farpura-Amigable-Aplicaci\u00f3n-Profesional-de-Mensajer\u00eda-An\u00e1lisis-DAFO-10.png 1024w, https:\/\/etica.sh.guanajuato.gob.mx\/wp-content\/uploads\/2022\/05\/Verde-Ne\u00f3n-y-P\u00farpura-Amigable-Aplicaci\u00f3n-Profesional-de-Mensajer\u00eda-An\u00e1lisis-DAFO-10-300x225.png 300w, https:\/\/etica.sh.guanajuato.gob.mx\/wp-content\/uploads\/2022\/05\/Verde-Ne\u00f3n-y-P\u00farpura-Amigable-Aplicaci\u00f3n-Profesional-de-Mensajer\u00eda-An\u00e1lisis-DAFO-10-768x576.png 768w\" sizes=\"auto, (max-width: 1024px) 100vw, 1024px\" \/><\/figure><\/div>\n\n\n\n<p> <strong>Indicador de desempe\u00f1o \u00e9tico de las personas servidoras p\u00fablicas a trav\u00e9s de la evaluaci\u00f3n de percepci\u00f3n ciudadana.<\/strong><\/p>\n\n\n\n<div class=\"wp-block-image\"><figure class=\"aligncenter size-large\"><img loading=\"lazy\" decoding=\"async\" width=\"1024\" height=\"768\" src=\"http:\/\/etica.sh.guanajuato.gob.mx\/wp-content\/uploads\/2022\/05\/Verde-Ne\u00f3n-y-P\u00farpura-Amigable-Aplicaci\u00f3n-Profesional-de-Mensajer\u00eda-An\u00e1lisis-DAFO-13.png\" alt=\"\" class=\"wp-image-561\" srcset=\"https:\/\/etica.sh.guanajuato.gob.mx\/wp-content\/uploads\/2022\/05\/Verde-Ne\u00f3n-y-P\u00farpura-Amigable-Aplicaci\u00f3n-Profesional-de-Mensajer\u00eda-An\u00e1lisis-DAFO-13.png 1024w, https:\/\/etica.sh.guanajuato.gob.mx\/wp-content\/uploads\/2022\/05\/Verde-Ne\u00f3n-y-P\u00farpura-Amigable-Aplicaci\u00f3n-Profesional-de-Mensajer\u00eda-An\u00e1lisis-DAFO-13-300x225.png 300w, https:\/\/etica.sh.guanajuato.gob.mx\/wp-content\/uploads\/2022\/05\/Verde-Ne\u00f3n-y-P\u00farpura-Amigable-Aplicaci\u00f3n-Profesional-de-Mensajer\u00eda-An\u00e1lisis-DAFO-13-768x576.png 768w\" sizes=\"auto, (max-width: 1024px) 100vw, 1024px\" \/><\/figure><\/div>\n","protected":false},"excerpt":{"rendered":"<p>Medici\u00f3n de la Actividad Gubernamental en Materia de \u00c9tica a trav\u00e9s de la Evaluaci\u00f3n de Percepci\u00f3n Social Esta encuesta se realiza cada a\u00f1o a ciudadanos que acudieron a los entes p\u00fablicos a realizar un proceso, tr\u00e1mite o recibir un servicio. Objetivo de la medici\u00f3n: Conocer la percepci\u00f3n ciudadana sobre el desempe\u00f1o \u00e9tico de las personas [&hellip;]<\/p>\n","protected":false},"author":22,"featured_media":0,"parent":0,"menu_order":0,"comment_status":"closed","ping_status":"closed","template":"","meta":{"footnotes":""},"class_list":["post-138","page","type-page","status-publish","hentry"],"_links":{"self":[{"href":"https:\/\/etica.sh.guanajuato.gob.mx\/index.php\/wp-json\/wp\/v2\/pages\/138","targetHints":{"allow":["GET"]}}],"collection":[{"href":"https:\/\/etica.sh.guanajuato.gob.mx\/index.php\/wp-json\/wp\/v2\/pages"}],"about":[{"href":"https:\/\/etica.sh.guanajuato.gob.mx\/index.php\/wp-json\/wp\/v2\/types\/page"}],"author":[{"embeddable":true,"href":"https:\/\/etica.sh.guanajuato.gob.mx\/index.php\/wp-json\/wp\/v2\/users\/22"}],"replies":[{"embeddable":true,"href":"https:\/\/etica.sh.guanajuato.gob.mx\/index.php\/wp-json\/wp\/v2\/comments?post=138"}],"version-history":[{"count":4,"href":"https:\/\/etica.sh.guanajuato.gob.mx\/index.php\/wp-json\/wp\/v2\/pages\/138\/revisions"}],"predecessor-version":[{"id":562,"href":"https:\/\/etica.sh.guanajuato.gob.mx\/index.php\/wp-json\/wp\/v2\/pages\/138\/revisions\/562"}],"wp:attachment":[{"href":"https:\/\/etica.sh.guanajuato.gob.mx\/index.php\/wp-json\/wp\/v2\/media?parent=138"}],"curies":[{"name":"wp","href":"https:\/\/api.w.org\/{rel}","templated":true}]}}