{"id":21,"date":"2020-03-23T16:59:33","date_gmt":"2020-03-23T16:59:33","guid":{"rendered":"http:\/\/172.31.108.98\/etica\/?page_id=21"},"modified":"2020-03-23T17:24:27","modified_gmt":"2020-03-23T17:24:27","slug":"que-es-la-unidad-de-etica-integridad-y-prevencion-de-conflictos-de-intereses-ueipci","status":"publish","type":"page","link":"https:\/\/etica.sh.guanajuato.gob.mx\/index.php\/que-es-la-unidad-de-etica-integridad-y-prevencion-de-conflictos-de-intereses-ueipci\/","title":{"rendered":"\u00bfQu\u00e9 es la Unidad de \u00c9tica, Integridad y Prevenci\u00f3n de Conflictos de Intereses, UEIPCI?"},"content":{"rendered":"\n<h1 class=\"has-text-align-center wp-block-heading\">\u00bfQu\u00e9 es la Unidad de \u00c9tica, Integridad y Prevenci\u00f3n de Conflictos de Intereses, UEIPCI?<\/h1>\n\n\n\n<h2 class=\"has-text-align-center wp-block-heading\">UNIDAD DE \u00c9TICA, INTEGRIDAD Y PREVENCI\u00d3N DE CONFLICTOS DE INTERESES<\/h2>\n\n\n\n<p class=\"has-normal-font-size text-justify\">La&nbsp;<strong>Unidad de \u00c9tica, Integridad y Prevenci\u00f3n de Conflictos de Intereses<\/strong>, es la encargada de establecer e implementar en las dependencias y entidades de la Administraci\u00f3n P\u00fablica Estatal, las medidas de prevenci\u00f3n y correctivas, pol\u00edticas p\u00fablicas, lineamientos y acciones en materia de \u00e9tica, integridad y prevenci\u00f3n de conflictos de inter\u00e9s (y actos de corrupci\u00f3n), con la finalidad de fomentar y promover el actuar honesto en el desempe\u00f1o de las funciones de las personas servidoras p\u00fablicas.<\/p>\n","protected":false},"excerpt":{"rendered":"<p>\u00bfQu\u00e9 es la Unidad de \u00c9tica, Integridad y Prevenci\u00f3n de Conflictos de Intereses, UEIPCI? UNIDAD DE \u00c9TICA, INTEGRIDAD Y PREVENCI\u00d3N DE CONFLICTOS DE INTERESES La&nbsp;Unidad de \u00c9tica, Integridad y Prevenci\u00f3n de Conflictos de Intereses, es la encargada de establecer e implementar en las dependencias y entidades de la Administraci\u00f3n P\u00fablica Estatal, las medidas de prevenci\u00f3n [&hellip;]<\/p>\n","protected":false},"author":22,"featured_media":0,"parent":0,"menu_order":0,"comment_status":"closed","ping_status":"closed","template":"","meta":{"footnotes":""},"class_list":["post-21","page","type-page","status-publish","hentry"],"_links":{"self":[{"href":"https:\/\/etica.sh.guanajuato.gob.mx\/index.php\/wp-json\/wp\/v2\/pages\/21","targetHints":{"allow":["GET"]}}],"collection":[{"href":"https:\/\/etica.sh.guanajuato.gob.mx\/index.php\/wp-json\/wp\/v2\/pages"}],"about":[{"href":"https:\/\/etica.sh.guanajuato.gob.mx\/index.php\/wp-json\/wp\/v2\/types\/page"}],"author":[{"embeddable":true,"href":"https:\/\/etica.sh.guanajuato.gob.mx\/index.php\/wp-json\/wp\/v2\/users\/22"}],"replies":[{"embeddable":true,"href":"https:\/\/etica.sh.guanajuato.gob.mx\/index.php\/wp-json\/wp\/v2\/comments?post=21"}],"version-history":[{"count":5,"href":"https:\/\/etica.sh.guanajuato.gob.mx\/index.php\/wp-json\/wp\/v2\/pages\/21\/revisions"}],"predecessor-version":[{"id":31,"href":"https:\/\/etica.sh.guanajuato.gob.mx\/index.php\/wp-json\/wp\/v2\/pages\/21\/revisions\/31"}],"wp:attachment":[{"href":"https:\/\/etica.sh.guanajuato.gob.mx\/index.php\/wp-json\/wp\/v2\/media?parent=21"}],"curies":[{"name":"wp","href":"https:\/\/api.w.org\/{rel}","templated":true}]}}