{"id":23,"date":"2020-03-23T17:00:03","date_gmt":"2020-03-23T17:00:03","guid":{"rendered":"http:\/\/172.31.108.98\/etica\/?page_id=23"},"modified":"2020-03-23T17:25:39","modified_gmt":"2020-03-23T17:25:39","slug":"objetivo-general","status":"publish","type":"page","link":"https:\/\/etica.sh.guanajuato.gob.mx\/index.php\/objetivo-general\/","title":{"rendered":"Objetivo General"},"content":{"rendered":"\n<h1 class=\"has-text-align-center wp-block-heading\">Objetivo General<\/h1>\n\n\n\n<p class=\"text-justify\">Fomentar la \u00e9tica, integridad y prevenci\u00f3n de conflictos de intereses al interior de la Administraci\u00f3n P\u00fablica Estatal mediante diversas pol\u00edticas de integridad, entre ellas el seguimiento al C\u00f3digo de \u00c9tica del Poder Ejecutivo, a trav\u00e9s de la difusi\u00f3n de los principios, directrices y lineamientos que garanticen la actuaci\u00f3n integra de las y los servidores p\u00fablicos y la responsabilidad de los mismos adem\u00e1s de contribuir a prevenir los posibles conflictos de intereses que pudieran surgir tanto con el funcionariado p\u00fablico como en su relaci\u00f3n con los particulares.<\/p>\n","protected":false},"excerpt":{"rendered":"<p>Objetivo General Fomentar la \u00e9tica, integridad y prevenci\u00f3n de conflictos de intereses al interior de la Administraci\u00f3n P\u00fablica Estatal mediante diversas pol\u00edticas de integridad, entre ellas el seguimiento al C\u00f3digo de \u00c9tica del Poder Ejecutivo, a trav\u00e9s de la difusi\u00f3n de los principios, directrices y lineamientos que garanticen la actuaci\u00f3n integra de las y los [&hellip;]<\/p>\n","protected":false},"author":22,"featured_media":0,"parent":0,"menu_order":0,"comment_status":"closed","ping_status":"closed","template":"","meta":{"footnotes":""},"class_list":["post-23","page","type-page","status-publish","hentry"],"_links":{"self":[{"href":"https:\/\/etica.sh.guanajuato.gob.mx\/index.php\/wp-json\/wp\/v2\/pages\/23","targetHints":{"allow":["GET"]}}],"collection":[{"href":"https:\/\/etica.sh.guanajuato.gob.mx\/index.php\/wp-json\/wp\/v2\/pages"}],"about":[{"href":"https:\/\/etica.sh.guanajuato.gob.mx\/index.php\/wp-json\/wp\/v2\/types\/page"}],"author":[{"embeddable":true,"href":"https:\/\/etica.sh.guanajuato.gob.mx\/index.php\/wp-json\/wp\/v2\/users\/22"}],"replies":[{"embeddable":true,"href":"https:\/\/etica.sh.guanajuato.gob.mx\/index.php\/wp-json\/wp\/v2\/comments?post=23"}],"version-history":[{"count":2,"href":"https:\/\/etica.sh.guanajuato.gob.mx\/index.php\/wp-json\/wp\/v2\/pages\/23\/revisions"}],"predecessor-version":[{"id":32,"href":"https:\/\/etica.sh.guanajuato.gob.mx\/index.php\/wp-json\/wp\/v2\/pages\/23\/revisions\/32"}],"wp:attachment":[{"href":"https:\/\/etica.sh.guanajuato.gob.mx\/index.php\/wp-json\/wp\/v2\/media?parent=23"}],"curies":[{"name":"wp","href":"https:\/\/api.w.org\/{rel}","templated":true}]}}