{"id":56,"date":"2020-03-23T17:56:23","date_gmt":"2020-03-23T17:56:23","guid":{"rendered":"http:\/\/172.31.108.98\/etica\/?page_id=56"},"modified":"2021-09-15T00:57:38","modified_gmt":"2021-09-15T00:57:38","slug":"modelo-gestion-etica","status":"publish","type":"page","link":"https:\/\/etica.sh.guanajuato.gob.mx\/index.php\/modelo-gestion-etica\/","title":{"rendered":"Modelo Gesti\u00f3n \u00c9tica"},"content":{"rendered":"\n<h1 class=\"wp-block-heading\">Modelo Gesti\u00f3n \u00c9tica<\/h1>\n\n\n\n<h1 class=\"wp-block-heading\">\u00bfQu\u00e9 es el Modelo de Gesti\u00f3n \u00c9tica Fincada en Valores?<\/h1>\n\n\n\n<p>En el a\u00f1o 2020 el Modelo, present\u00f3 una reingenier\u00eda en su metodolog\u00eda, desarrollo e implementaci\u00f3n, tomando como base la publicaci\u00f3n en el a\u00f1o 2018 del Acuerdo Gubernativo 371 y el C\u00f3digo de \u00c9tica del Poder Ejecutivo del Estado de Guanajuato, los Lineamiento Generales para la Integraci\u00f3n y Operaci\u00f3n de los Comit\u00e9s Internos de \u00c9tica y Prevenci\u00f3n de Conflicto de Inter\u00e9s de las dependencias y entidades del Poder Ejecutivo del Estado, estos dos \u00faltimos publicados en el 2019.<\/p>\n\n\n\n<p>El Modelo de Gesti\u00f3n \u00c9tica Fincada en Valores es una herramienta que permite, en el marco de la cultura de legalidad, promover la conducta \u00e9tica e \u00edntegra y la prevenci\u00f3n de conflictos de intereses de las personas servidoras p\u00fablicas que colaboran en la Administraci\u00f3n P\u00fablica del Estado de Guanajuato, como base metodol\u00f3gica que contiene los conceptos, estrategias, metodolog\u00edas, procedimientos, mecanismos y herramientas, acciones que se vean reflejadas en beneficio de nuestro Estado y de los Guanajuatenses.<\/p>\n\n\n\n<h3 class=\"wp-block-heading\">Componentes del Modelo de Gesti\u00f3n \u00c9tica Fincada en Valores.<\/h3>\n\n\n\n<ol class=\"wp-block-list\"><li>Sistema de Gesti\u00f3n de la Calidad \u00c9tica.<\/li><li>Modelo de Capacitaci\u00f3n y Competencias de Integridad.<\/li><li>Medici\u00f3n de la actividad gubernamental en materia \u00e9tica a trav\u00e9s de la evaluaci\u00f3n de percepci\u00f3n social.<\/li><li>Medici\u00f3n de la gesti\u00f3n \u00e9tica gubernamental.<\/li><\/ol>\n\n\n\n<div class=\"wp-block-columns is-layout-flex wp-container-core-columns-is-layout-9d6595d7 wp-block-columns-is-layout-flex\">\n<div class=\"wp-block-column is-layout-flow wp-block-column-is-layout-flow\"><\/div>\n\n\n\n<div class=\"wp-block-column is-layout-flow wp-block-column-is-layout-flow\"><\/div>\n<\/div>\n","protected":false},"excerpt":{"rendered":"<p>Modelo Gesti\u00f3n \u00c9tica \u00bfQu\u00e9 es el Modelo de Gesti\u00f3n \u00c9tica Fincada en Valores? En el a\u00f1o 2020 el Modelo, present\u00f3 una reingenier\u00eda en su metodolog\u00eda, desarrollo e implementaci\u00f3n, tomando como base la publicaci\u00f3n en el a\u00f1o 2018 del Acuerdo Gubernativo 371 y el C\u00f3digo de \u00c9tica del Poder Ejecutivo del Estado de Guanajuato, los Lineamiento [&hellip;]<\/p>\n","protected":false},"author":22,"featured_media":0,"parent":0,"menu_order":0,"comment_status":"closed","ping_status":"closed","template":"","meta":{"footnotes":""},"class_list":["post-56","page","type-page","status-publish","hentry"],"_links":{"self":[{"href":"https:\/\/etica.sh.guanajuato.gob.mx\/index.php\/wp-json\/wp\/v2\/pages\/56","targetHints":{"allow":["GET"]}}],"collection":[{"href":"https:\/\/etica.sh.guanajuato.gob.mx\/index.php\/wp-json\/wp\/v2\/pages"}],"about":[{"href":"https:\/\/etica.sh.guanajuato.gob.mx\/index.php\/wp-json\/wp\/v2\/types\/page"}],"author":[{"embeddable":true,"href":"https:\/\/etica.sh.guanajuato.gob.mx\/index.php\/wp-json\/wp\/v2\/users\/22"}],"replies":[{"embeddable":true,"href":"https:\/\/etica.sh.guanajuato.gob.mx\/index.php\/wp-json\/wp\/v2\/comments?post=56"}],"version-history":[{"count":4,"href":"https:\/\/etica.sh.guanajuato.gob.mx\/index.php\/wp-json\/wp\/v2\/pages\/56\/revisions"}],"predecessor-version":[{"id":447,"href":"https:\/\/etica.sh.guanajuato.gob.mx\/index.php\/wp-json\/wp\/v2\/pages\/56\/revisions\/447"}],"wp:attachment":[{"href":"https:\/\/etica.sh.guanajuato.gob.mx\/index.php\/wp-json\/wp\/v2\/media?parent=56"}],"curies":[{"name":"wp","href":"https:\/\/api.w.org\/{rel}","templated":true}]}}